late the remainder when i is divided by 14.
10
Suppose 3*l - 26 = -5*h, -3*h + 3*l + 36 = -2*l. Suppose 4*d = h*d - 75. What is the remainder when d is divided by 14?
11
Let h = 24 - 14. What is the remainder when 17 is divided by h?
7
Calculate the remainder when 8/(-10)*(-1260)/56 is divided by 7.
4
Calculate the remainder when (201/9 - 0) + 8/12 is divided by 12.
11
Suppose -15*i - i + 192 = 0. What is the remainder when 104 is divided by i?
8
Let n = -22 + 16. Let a(q) = -3*q + 2. Calculate the remainder when 4/(3*6/261) is divided by a(n).
18
Let v be (-31)/(-11) + 8/44. Suppose 0 = 3*q + 3, q + 12 = v*j - 82. Calculate the remainder when j is divided by 8.
7
Let j = -22 - -32. What is the remainder when j/(18/8 + -2) is divided by 21?
19
Let u = 8 + 6. Calculate the remainder when 53 is divided by u.
11
Suppose -p - 104 = -3*z - 0*p, -157 = -4*z + 5*p. Suppose 31 = 4*w - z. What is the remainder when 29 is divided by w?
13
Suppose 46 - 169 = -3*z. What is the remainder when z is divided by (11/5)/((-3)/(-15))?
8
Suppose 5*k = -2 + 17, 0 = -2*j + 3*k - 5. Suppose 3*f - 23 = -j*t, -24 = -5*t - 3*f + 20. Calculate the remainder when t is divided by 2.
1
Let o(i) = i**2 - 6*i + 7. Suppose 3*r - p = 20, 5*p - 8 = -3. Calculate the remainder when 41 is divided by o(r).
13
Let s(i) = -i + 8. Let w be s(4). Let c be (-6)/(((-18)/w)/3). Let p(r) = -r**3 + 4*r**2 + 3*r + 4. Calculate the remainder when p(c) is divided by 6.
4
Let d be (-6)/4 - (-63)/(-14). Let j(i) = i**3 + 6*i**2 - 4*i - 6. What is the remainder when 50 is divided by j(d)?
14
Suppose -m + 1 + 1 = -5*y, 3*m + 8 = y. Let a = y + 2. Calculate the remainder when 20 is divided by (-11)/(a - (2 + 0)).
9
Let t(q) = q + 10. Suppose l = 3, -3*p + 16 + 8 = 3*l. Calculate the remainder when t(4) is divided by p.
4
Let l(p) = 2*p**2 + 5*p + 7. Let q = -1 + 3. Suppose 0*x - 40 = -q*x. What is the remainder when l(4) is divided by x?
19
Let j(f) = -45*f + 2. What is the remainder when j(-3) is divided by 47?
43
Let t(u) = u + 8. Let n = 4 + 14. Calculate the remainder when n is divided by t(-2).
0
Suppose -2*h + 80 = 2*h. Suppose 4*o + h = 0, -6*o - 35 = -2*d - 3*o. Suppose d = 5*i - 3*i, i + 3 = x. Calculate the remainder when 23 is divided by x.
7
Let t = 4 + 1. Let j(c) be the first derivative of c**2 - c - 1. Calculate the remainder when j(t) is divided by 5.
4
Suppose 13*z - 228 = z. What is the remainder when 73 is divided by z?
16
Let q = -3 - -13. Let t be (4 - q)/(1*-1). Suppose 4*z - t = 3*z. Calculate the remainder when 16 is divided by z.
4
Let j = 205 - 302. Let w = -52 - j. Calculate the remainder when w is divided by 12.
9
Suppose 3*f - 12 + 0 = 0, -2*f - 55 = -3*n. Suppose -u - m = 2*m - n, 2*u - 2*m = 18. What is the remainder when 21 is divided by u?
9
Let a = -121 + 185. Suppose -3*k + 4*c + 66 = 0, -4*k = -9*k + c + 110. What is the remainder when a is divided by k?
20
Let k(u) = -3*u - 2. What is the remainder when 73 is divided by k(-7)?
16
Let u be (-6)/4 - (-1)/2. Let o = 2 - -5. Calculate the remainder when 3 + (1/u - -10) is divided by o.
5
Suppose m - 2 = 17. Suppose -5*p + m = 4. Calculate the remainder when p is divided by 1.
0
Let h = -5 + 8. Let d(u) = u + 6. Let l be d(-6). Suppose -4*m - 4 = -4*q, -4*q - h + 23 = l. What is the remainder when m is divided by 2?
0
Let p = -22 - -64. Let t = p + -11. Let h = 22 + -6. Calculate the remainder when t is divided by h.
15
Calculate the remainder when 14 is divided by (14/(-6) - -2) + 21/9.
0
Suppose -3*q + 13 = -2. Calculate the remainder when 22 is divided by q.
2
Let v(w) = -3*w**2 + 2*w + 2. Let k be v(3). Let g = -12 - k. What is the remainder when 13 is divided by g?
6
Let m = 31 + -22. Suppose -81 - 75 = -6*i. Calculate the remainder when i is divided by m.
8
Suppose 2*o = 3*o - 88. What is the remainder when (o/10)/((-6)/(-15)) is divided by 8?
6
Suppose -p - 3*a + 35 = 0, -4*a - 58 = -2*p - 6*a. Calculate the remainder when p is divided by 9.
8
Let k = 4 + 0. Suppose -2*g + 2 = 0, -3*g - 45 = -0*l - 2*l. Suppose -111 = -5*v - 3*n + k*n, -2*n = -v + l. What is the remainder when v is divided by 12?
10
Suppose -9*k - 32 = -11*k. Let g = 191 + -130. What is the remainder when g is divided by k?
13
Let x(s) = s**3 + 12*s**2 - 2*s - 16. Let h be x(-12). Let m be 0/(-1) - (2 + -2). Suppose -5*l + h + 47 = m. Calculate the remainder when 32 is divided by l.
10
Suppose 0*h + 24 = 4*h. Let a = 9 - h. Calculate the remainder when 7 is divided by a.
1
Suppose 0 = -3*z - z - 4*u + 108, -4*u = -5*z + 135. Suppose -3*q + 13 = 4*d, -3*d = 3*q - z + 9. What is the remainder when 31 is divided by q?
9
Let c(k) = -8*k - 6. Calculate the remainder when 48 is divided by c(-2).
8
Let x(j) = -17*j. Suppose 5*c + 4*n = 233, 85 + 175 = 5*c - 5*n. Calculate the remainder when c is divided by x(-1).
15
Let f = -44 - -62. What is the remainder when 70 is divided by f?
16
Let z be 1083/15 + (-2)/10. Let b be (-1 - 21/(-12))*z. Calculate the remainder when 26 is divided by (-8)/(-12)*b/4.
8
Let x(m) = -m + 2. Suppose 2*g = 3*g. Let d be x(g). Suppose 0 = -4*w + 16, k + 0*w - 1 = d*w. Calculate the remainder when 25 is divided by k.
7
Let q(l) = -3*l - 14. What is the remainder when q(-13) is divided by 9?
7
Let n(y) = y - 2. Let x be n(9). Suppose -20 = 5*c, -x = -3*w + 2*w + c. Calculate the remainder when 10 is divided by w.
1
Let c = 36 + -21. What is the remainder when 44 is divided by c?
14
Let n(k) be the first derivative of k**3 - 2*k**2 + 3*k + 9. Calculate the remainder when n(3) is divided by 7.
4
Let f(q) = q + 16. Let p = -56 - -65. What is the remainder when f(0) is divided by p?
7
Let w(m) be the first derivative of -m**3/3 + 7*m**2/2 + 4*m - 1. What is the remainder when 15 is divided by w(7)?
3
Suppose -2*m - 2*x + 7*x - 19 = 0, -4*x = -m - 17. Let p(c) = c**3 - 7*c**2 + c - 4. Calculate the remainder when m is divided by p(7).
0
Let s(z) = -2*z - 12. Let c be s(-11). Let n = -2 + c. What is the remainder when n is divided by 5?
3
Let g = 242 - 51. Calculate the remainder when g is divided by 49.
44
Let d(n) = 3*n**2 + 3*n + 31. What is the remainder when d(-8) is divided by 50?
49
Let t be 4/8 + (-30)/(-4). Let w = t - -6. Calculate the remainder when 26 is divided by w.
12
Suppose 0 = -l + 5*p + 39, -l - p + 27 = -2*p. Let b(x) = 3*x - 2. Calculate the remainder when l is divided by b(5).
11
Let q be (-104)/(-28) - 4/(-14). Let s = 6 - q. Calculate the remainder when 4 is divided by s.
0
Suppose -18 = -2*i - 0*i. What is the remainder when 2 + -3 + 28 + -2 is divided by i?
7
Let d be 4 + 0 + -1 + 2. Suppose 9*u - 4*u - 4*j = 30, -d*u = -j - 15. Suppose -3*c = -4*f + 71, 1 + u = c. Calculate the remainder when f is divided by 7.
6
Let b(o) = 10*o + 2. Let x(f) = f**2 - 2*f - 3. What is the remainder when b(6) is divided by x(6)?
20
Suppose 90 = 5*m - 7*d + 2*d, 0 = 3*m + 4*d - 40. Let q = 11 + -8. Suppose 66 = q*y - 69. What is the remainder when y is divided by m?
13
Let n(v) = -v**3 + 6*v**2 - v - 7. Let m(t) = t**3 + 3*t**2 - t + 2. Let z be m(-3). Calculate the remainder when 24 is divided by n(z).
11
Suppose -5*d + 94 = 9. What is the remainder when d is divided by 5?
2
Let g = 10 - 6. Suppose h - 4*y = -2*y + g, h = -2*y. What is the remainder when h is divided by 1?
0
Let s = 2 - -3. Suppose -2*x + 11 - 5 = 0, -4*x - 18 = -3*f. Suppose 4*n - 38 = -f*g + s*g, -n = -2*g + 10. Calculate the remainder when g is divided by 4.
2
Let w = -68 - -127. Calculate the remainder when w is divided by 17.
8
Calculate the remainder when 151 is divided by -12*(-10)/(-15)*-1.
7
Let m(a) = -a**2 - 8*a + 8. Let l be -8 + 0*(-3)/(-6). Let g be m(l). Suppose -g = -y - 3. Calculate the remainder when 19 is divided by y.
4
Suppose -5*m + 0*m - 20 = 0, 0 = -5*j + 5*m + 30. Let f(k) = k**2 - 3*k + 4. What is the remainder when (1 + 2)/((-3)/(-3)) is divided by f(j)?
1
Let r(y) = y - 2. Let q be r(5). Suppose 2 = s - q*s. What is the remainder when 0/s - (-3 + -5) is divided by 5?
3
What is the remainder when 20 is divided by ((-6)/(-8))/(47/44 - 1)?
9
Suppose -s = -2 - 2. Suppose -3*t - s*a = 0, 0 = t - 4*t + 4*a. Suppose 2*f = g + 3*f - 7, -2*f + 2 = t. What is the remainder when 17 is divided by g?
5
Let p be 30/8 + 2/8. Suppose 0*n 